d + 85 = -t - 78. Suppose 0*f = -3*f + d. What is the highest common divisor of f and 11?
11
Suppose 2*w = 4*g - 50, 3*g - 2*w + 5*w = 51. Let x(o) = o**2 - 2*o + 4. Let n be x(3). What is the highest common divisor of n and g?
7
Suppose -5*j = -2*j + 12, 5*j = d - 36. What is the greatest common divisor of 24 and d?
8
Suppose 4*c + 4 = -4. Let u be 0 - 0/((-6)/c). Suppose 126 = -u*q + 2*q. Calculate the highest common factor of q and 7.
7
Let u = -132 + 143. What is the highest common divisor of 11 and u?
11
Let y(s) = -s**3 - 4*s**2 - 4*s - 4. Let z be y(-4). Suppose -i + 7*i - 18 = 0. Calculate the greatest common factor of z and i.
3
Let s = 1 - -41. What is the greatest common divisor of s and 105?
21
Suppose -4*w = 0, 3*z - 4*z + 4*w = 0. Suppose 0*x + 2*x - 10 = z. Suppose -c - 3*q = -25, -x*q = -3*c - 4 + 9. Calculate the highest common factor of c and 25.
5
Let j = -26 - -36. What is the greatest common factor of j and 70?
10
Let w(x) = -x**3 + 7*x**2 - 2*x + 6. Let k = -1 - -7. Let q be w(k). What is the greatest common factor of 20 and q?
10
Let x(m) = -4*m - 4. Let r be x(3). Let v = r + 32. What is the highest common factor of 48 and v?
16
Let i = 198 + -178. Calculate the highest common factor of 160 and i.
20
Suppose -f + 24 = -2*g, -5*g = -12 - 3. Calculate the highest common factor of f and 75.
15
Let g(d) = d**3 - d**2 + d + 45. Let a be g(0). Calculate the highest common factor of a and 5.
5
Suppose -4*y = -300 - 360. What is the greatest common divisor of 15 and y?
15
Suppose -5*p + 23 = -52. Suppose 5*a - 4*a = p. Calculate the highest common divisor of 105 and a.
15
Let y(m) = m**3 - 10*m**2 + 2*m - 15. Let n be y(10). Let t = -2 - 6. Let v = 13 + t. Calculate the highest common factor of v and n.
5
Let a be (-7)/3 + (-1)/(-3). Let p = -2 - a. Suppose 5*k - 3*d + 0*d = 597, p = -d + 1. Calculate the highest common divisor of k and 15.
15
Let z be (-58)/(-6) - (-4)/(-6). What is the greatest common divisor of z and 9?
9
Let c = 93 + -66. Calculate the greatest common factor of c and 54.
27
Let i = -16 - -27. Suppose 0 = -u - 3*w, 6 = -0*u + 3*u + 3*w. Let f be -3 - -102 - -3 - u. Calculate the highest common factor of f and i.
11
Let m be ((-24)/(-18))/(4/6). Suppose -m*f = 2*f - 96. What is the highest common factor of 24 and f?
24
Let q be (25200/78)/6 - (-4)/26. What is the highest common divisor of 36 and q?
18
Suppose -80 = -5*f + 5*d, -4*f - d + 32 + 7 = 0. Let z(s) = s**2 + 2*s + 8. Let w be z(8). Suppose -r + w = -0*r. What is the greatest common factor of r and f?
11
Let l(j) = j**2 + 9*j + 10. Let m be l(-8). Calculate the greatest common factor of 6 and m.
2
Let x = 11 + -7. Suppose -2 = 2*i + x. Let t = i + 16. What is the highest common divisor of t and 130?
13
Let i(p) = -p**2 - 13*p - 8. Let q be i(-12). Let w(y) = -y + 2. Let x be w(-2). Calculate the greatest common factor of q and x.
4
Let n be (-154)/(-2) - (3 + -5 + 2). Calculate the highest common divisor of 11 and n.
11
Let l be (-2)/8 - (-7)/28. Let j = 4 + l. Calculate the highest common factor of j and 6.
2
Let s(f) = f**3 + 8*f**2 + 9*f + 7. Let y be s(-6). Let u = -73 + 298. Calculate the highest common divisor of y and u.
25
Let h be (5 + 92/(-8))*-2. What is the highest common divisor of 221 and h?
13
Let s be -4 - (-98 - (5 + -4)). Calculate the highest common divisor of s and 38.
19
Suppose -3*v - 2*z - 16 = -8*v, -2*v - z + 10 = 0. What is the highest common divisor of 4 and v?
4
Suppose 0 = -2*w + 5*o + 254, w - 3*w + 254 = -4*o. Let r = 223 - w. What is the highest common divisor of r and 12?
12
Let a(q) = 2*q**2 - 11*q - 5. Let p be a(8). Suppose -3*c - 2*c + p = 0. Calculate the highest common divisor of c and 42.
7
Let h(x) = -x**3 - 5*x**2 - x - 5. Let p be h(-5). Suppose 2*v + 10 = p, 2*v = 4*u + v - 9. Calculate the highest common divisor of u and 1.
1
Let n(f) = -f**3 - 5*f**2 - 5*f. Let q = 6 + -10. Let r be n(q). What is the greatest common factor of 20 and r?
4
Let q(c) be the second derivative of -c**3/2 - c**2/2 - 5*c. Let i be q(-1). Calculate the highest common divisor of i and 5.
1
Let h = 272 + 221. Suppose z = -4*j + 113, 5*z + 0*j - h = 4*j. Suppose 4*o + 5 = z. What is the highest common divisor of o and 60?
12
Suppose 0 = -3*o + 40 + 20. Suppose h = -h + 42. Let b be (-1408)/(-28) + (-6)/h. Calculate the highest common factor of b and o.
10
Let a = 6 + -5. Let s be (0 - a)/((-4)/128). Calculate the greatest common factor of s and 8.
8
Let v(u) = 1 - 4*u**2 + 5*u**2 - 2*u + 0 - 3. Let w be v(-4). Calculate the greatest common factor of w and 33.
11
Let j = -14 - -17. Let s(q) = -q**3 + 6*q**2 - q. Let f be s(3). Calculate the highest common divisor of f and j.
3
Suppose -2*z - 21 = -w + 18, 4*z = -w + 69. Let v(o) = -o**3 - 7*o**2 - 8*o - 5. Let r be v(-6). Calculate the greatest common factor of r and w.
7
Let r = -31 - -39. Let w be (-2 + -1)*(-4)/3. What is the greatest common factor of r and w?
4
Let o(r) = r**2 + r - 6. Let t be o(-4). Calculate the greatest common factor of 2 and t.
2
Let z = -169 - -246. Suppose -26 + 1 = -5*n. Suppose 0 = -3*s + n*s - 22. What is the greatest common divisor of z and s?
11
Let u be (-1 + 13)/((-4)/(-6)). What is the highest common factor of 90 and u?
18
Suppose -2*i = -15 - 23. Let x be (1458/(-3) - 0) + -2. Let k = x + 697. What is the highest common divisor of i and k?
19
Suppose 2*k = -3*d + 21, -5*d + d - 4*k + 32 = 0. Suppose 0 = 2*f - d*w - 135 - 125, -4*f + 5*w = -530. Calculate the greatest common divisor of f and 15.
15
Let x = -65 + 123. What is the greatest common factor of x and 29?
29
Suppose 2*h - 150 = -4*z, 6 = h - 3*h. Let b = 21 - z. Let k = b + 26. What is the highest common divisor of k and 64?
8
Suppose -b - 4*b + 10 = 0. What is the greatest common factor of b and 3?
1
Let q(w) = -5*w. Let o be q(-4). Calculate the greatest common divisor of 90 and o.
10
Suppose n - 3 = 0, -2 = -2*r + 4*n - 0*n. What is the greatest common factor of 14 and r?
7
Let f(u) = -u**3 - 6*u**2 - 2*u + 3. Let j be f(-6). What is the highest common factor of j and 10?
5
Let v(o) = 3*o**2 - o + 1. Let y be v(-2). Let z = 31 - y. Suppose m + 18 = 5*m + 2*d, 10 = 3*m - 2*d. Calculate the greatest common factor of z and m.
4
Let n = 26 - -100. Suppose 4*t - 2*v - 2 = 0, -2*t + 0*v + 4*v + 4 = 0. Suppose w - 3 - 11 = t. What is the highest common divisor of w and n?
14
Let y(b) = -3*b - 12. Let n be y(-5). Suppose p - 38 = -5*i + 54, -n*p + 340 = -i. Calculate the highest common divisor of p and 14.
14
Suppose v = -4*j + 301, v - 19 = -2*j + 134. Let y be j*1/2 + 1. What is the highest common factor of y and 57?
19
Let a be (-3)/((-9)/42) - -4. What is the greatest common divisor of a and 162?
18
Let c(q) = 2*q**2 - 4*q + 8. Let y be c(-6). Calculate the greatest common factor of 13 and y.
13
Let a be 2 - (-1 + -1) - 2. Let h(p) = -p - 3 + 4 + p**3 - 3*p**2 + 5*p**a. Let i be h(-2). Calculate the greatest common divisor of i and 24.
3
Let c(i) = 11*i**2 - i. Let j be c(-1). Let u = 8 - 7. Let y be (u - -1) + -2 + 3. What is the greatest common factor of y and j?
3
Let v(u) = -u**2 - u + 22. Let l be v(0). Let x = 65 + -29. Let g = x - l. Calculate the highest common divisor of 70 and g.
14
Let q(f) = -f**2 + 6*f - 2. Let u be q(5). Suppose b + u*b - 4 = 0. Let n be 0 - ((-6 - b) + -3). Calculate the highest common divisor of n and 110.
10
Let v = 0 - -1. Let o = 4 + v. What is the greatest common factor of o and 5?
5
Let d(g) = -8*g + 0*g**2 + 5*g**2 - 3*g**2 + 8. Let u be (-120)/(-21) - (-4)/14. Let c be d(u). Calculate the highest common divisor of 8 and c.
8
Let n(j) = -j + 4. Let l be n(-12). Let d be ((-2)/4)/(1/(-2)). Let g be (24/(-18))/(d/(-48)). Calculate the greatest common divisor of g and l.
16
Suppose -v = -5*s - 8, -2*s = -7*s - 5. Suppose -10 + 2 = -4*l, -24 = -3*h + v*l. Calculate the highest common divisor of 2 and h.
2
Let h be (8/12)/((-2)/(-3)). Let x be (6 + -1)/((-15)/(-12)). What is the highest common factor of x and h?
1
Let t(j) = j + 45. Let m be t(-9). Calculate the greatest common divisor of 48 and m.
12
Let h(m) = m**3 - m + 3. Let q be h(2). What is the greatest common divisor of q and 9?
9
Let k = -2 - -4. Suppose k*r - 10 = 12. Let h = 16 - -28. What is